. Let j(l) be the first derivative of l**4/2 - l**3/3 + l**2 - 3*l + 2. Let s(y) be the first derivative of j(y). Calculate s(g).
22
Suppose -5*v + 68 + 22 = 0. Let z(t) = 6 - 10*t**2 + 6 + 12*t - v - t**3 + 8. Give z(-11).
-9
Let b(x) = -5*x - 2 - x**2 + 7 + 0*x. Suppose 0*q - 4*d = -q + 22, 44 = 3*q - d. Suppose 6 + q = -5*g. Determine b(g).
9
Let y(s) = -4 - 5*s + s**3 - 1 + 3 - 9*s**2 + 14*s. Suppose 9*w = -20*w + 232. What is y(w)?
6
Let y(n) = n**2 + 7*n - 1. Let x(z) = -2*z**2 - 15*z + 1. Let u be (1*-1)/(1/7). Let v be ((-26)/(-39))/(4/(-18)). Let l(w) = u*y(w) + v*x(w). Give l(-4).
4
Let p(w) = -w. Suppose -2*i = -3*m - 96, 0 = 6*m - 8*m - 3*i - 77. Let f be (-27 - m) + -3*4. Calculate p(f).
5
Let b(t) = -2*t - 54. Let s(z) = -z**3 + 35*z**2 - 73*z + 3918. Let l be s(36). Calculate b(l).
-42
Let b = 4 - 8. Let r = 0 - b. Let v(u) = 3*u - 63 + 30 + 31. Determine v(r).
10
Let t(v) = -v + 2. Let k(c) = -3*c + 12. Let l be ((-108)/(-60))/((-3)/10). Let y(h) = l*t(h) + k(h). What is y(-1)?
-3
Let j(z) = 12 - 7*z - 3*z**3 - 11*z**2 + 2*z**3 - 2*z. Let s(o) = -4*o**3 + 630*o**2 - 1847*o - 31. Let l be s(3). Determine j(l).
2
Let p(n) = n**3 - 32541115*n**2 - 17*n**3 - n + 32541113*n**2. Give p(1).
-19
Let o(w) = -30*w - 332. Let k be (-19 - -2 - -15)*22/4. Calculate o(k).
-2
Suppose -39 = -143*i + 130*i. Let m(w) be the third derivative of -w**6/120 + w**5/15 - w**4/8 - w**3/6 - 15*w**2. Calculate m(i).
-1
Let y(b) be the second derivative of b**3/6 + 2*b**2 + 15*b. Let l be (-2 + 1)/(8 - 279/36). Calculate y(l).
0
Let b(z) = -14*z - 9. Let l(w) = 55*w + 35. Let c(g) = 15*b(g) + 4*l(g). Let s(h) = -9*h - 3. Let y(r) = 4*c(r) + 6*s(r). What is y(-2)?
30
Let a = -46 - -56. Let t(q) = 0 + 9 - 2*q**2 + a*q + 3*q**2. Determine t(-8).
-7
Suppose -10*v = -5*v. Let x(u) = u**2 - 4. Let s be x(3). Let c(j) = 17 + 1 + j - s. Give c(v).
13
Let o(t) = t**3 - 3*t**2 - 2*t + 3. Suppose 12*h + 15 = 51. Suppose -3*i = h*n - 6, 8*i + 5*n - 4 = 5*i. Determine o(i).
-3
Let r(t) = -5*t + 21. Let o(m) = -85*m - 494. Let x be o(-6). What is r(x)?
-59
Let g(t) = -528*t - 2114. Let q be g(-4). Let p(o) = -4*o - o**2 - o + 2*o - 2. What is p(q)?
0
Let h(c) be the first derivative of -2*c**3/3 + 27*c**2/2 - 34*c - 1767. Calculate h(11).
21
Let r(v) = -32*v + 1. Let o(x) = -2*x**3 - 5*x**2 - 62*x + 3. Let p(z) = -o(z) + 2*r(z). What is p(-2)?
7
Let h(x) = x**2 + 12*x + 20. Let k(v) = 110*v - 2209. Let s be k(20). Give h(s).
-7
Suppose 1 = -b + 2*d + 14, 1 = -d. Let m be 2 - ((-5)/1 + (b - 8)). Let w(l) = -l + 3. Let h(r) = -r + 2. Let y(q) = 3*h(q) - 2*w(q). What is y(m)?
-4
Let y(i) = i**3 - 7*i**2 - 17*i - 7. Let t(o) = o**3 - 2*o**2 - 5*o - 3. Let n be t(4). Let k be y(n). Let b(x) = 0*x**k - 21 + 12 + x**2. What is b(0)?
-9
Let z(g) = -3*g**2 + 42*g + 12. Suppose -5*t + 1479*p - 1481*p = -62, -2*t = -4*p - 44. Calculate z(t).
12
Let t(x) = -4*x + 13. Let u be t(-16). Let k = u + -63. Let n(v) = -2*v + 22. Let z be n(k). Let c(o) = -2*o - 7. What is c(z)?
5
Suppose -4*k - 1 + 7 = -b, 0 = -2*b - 2*k - 2. Let z be (b + (-7)/(-2))*(0 - -2). Let v(q) = 30*q**z + 33*q**3 + q**2 - 46*q**3. Determine v(1).
18
Let r(i) = 11 - 28 + 18 + 6*i - 2*i**2. Suppose -7*p + 6*p = -15. Let h = p - 10. Give r(h).
-19
Let v(n) = -4*n. Let c(m) be the second derivative of -3/2*m**2 - m - 1/20*m**5 + 5/12*m**4 + 0 - 1/2*m**3. Let x be c(4). Calculate v(x).
-4
Let f(v) = -v. Let y(w) = 40*w**2 - 4*w - 1. Let t(h) = -3*f(h) + y(h). Let g(l) = -43*l**2 - 2112*l - 246. Let o be g(-49). Give t(o).
40
Let w(g) be the third derivative of -g**5/15 - 49*g**4/12 - 14*g**3/3 - g**2 + 456*g. What is w(-24)?
20
Let b(i) = -2*i**2 + 4*i + 1. Let c = 140 - 136. Give b(c).
-15
Let g(o) = o + 2*o - 6296*o**2 + 3 + 6298*o**2. Let z(q) = -q**2 - 3*q - 2. Let p(n) = 3*g(n) + 4*z(n). Calculate p(3).
10
Let n(h) be the first derivative of -7/2*h**2 + 2*h + 8. Give n(2).
-12
Let u(r) = 13 + 394*r - 128*r - 130*r - 124*r. Give u(11).
145
Suppose -55*r - 15 = -58*r. Suppose 0 = -t + r*m + 34, -t = -m - 2*m - 24. Let i(p) = 5*p - p**3 + 4*p + 84*p**2 + t - 76*p**2. Give i(9).
9
Let b = -1564 + 1567. Let y = 5 + 5. Suppose 0 = -y*o + 5*o - 4*n - b, -4*n = 2*o + 6. Let v(w) = 9*w**2 - 2*w + 1. Calculate v(o).
8
Let q(d) = 4*d + 5. Let o be ((-18)/1)/(9*(-4)/24). Suppose o = 17*f - 15*f. Let r(n) = 5*n + 7. Let j(k) = f*q(k) - 5*r(k). What is j(4)?
-9
Let m(u) = 9*u + 62. Let d(q) = 4*q**2 + 332*q + 321. Let z be d(-82). Calculate m(z).
-1
Let a(k) = -17*k - 5 - 8 - 14 - 41. Determine a(-4).
0
Let u(a) = -53*a**2 + a - 2. Let n be u(-2). Let q = n + 213. Let v(j) = j**3 + j**2 - 5*j - 3. Determine v(q).
-6
Let r(v) = -8*v**3 - 6*v**2 + 15*v. Let z(g) = 19*g**3 + 10*g**2 - 30*g + 1. Let x(o) = -5*r(o) - 2*z(o). Determine x(-6).
16
Let a(s) = -26 + 17 - 1402*s + 1395*s. Calculate a(5).
-44
Let v be (96 + -95)*(-4 + 4) - (4 + -1). Let w(f) = 5*f**3 + f**2 - 3*f + 1. Calculate w(v).
-116
Let b(h) be the first derivative of h**4/4 + 3*h**3 + 3*h**2/2 + 20*h + 426. Calculate b(-9).
-7
Let r(f) = -f**2 - 5*f - 5. Let g(u) = -u - 5. Let y be g(-1). Let v(j) = 3 + 2*j - 3*j**2 + 7*j**2 + 3*j**3 - 2*j**3. Let x be v(y). Give r(x).
-5
Let q(a) = -73*a**2 + 606 - 5*a + 70*a**2 - 609. Let s be (-29)/87 + (-8)/3. Give q(s).
-15
Let b(p) = -p**3 + 4*p**2 + 3*p + 12. Let c be b(5). Suppose -12 = -3*u + c*v - v, 3*u + 3*v = 0. Let m(s) = 7 + s**u + 5*s**2 + 3*s - 16 - 12*s. Give m(-6).
9
Let j(s) be the third derivative of -s**6/360 + 3*s**5/20 - 11*s**4/12 - 35*s**3/2 - 139*s**2. Let u(a) be the first derivative of j(a). Calculate u(17).
-5
Let p(m) = 5*m**2 + 9*m - 6. Let g(l) = -9*l**2 - 17*l + 13. Let x(t) = 4*g(t) + 7*p(t). Suppose -797*z + 796*z - 22 = -3*w, 5*w = z + 32. Calculate x(z).
-4
Let n(t) be the third derivative of -13*t**4/24 - 5*t**3/3 - 8398*t**2. Give n(3).
-49
Suppose 7*w - 4*w = 21. Let a(r) = -3*r + 6*r**3 - 7*r**3 + 18 - w - 7 - 4*r**2 - 10. Calculate a(-3).
-6
Let b be 0/(-2) - -1 - (-12)/6. Let n be ((-7)/b - 8/(-24)) + 1. Let d be (n + (-6)/(-4))*(9 + 3). Let w(t) = t**3 - 6*t**2 - 6. Calculate w(d).
-6
Suppose -2600 = -7*i - 19*i. Let r = -99 + i. Let u(s) = 10*s - 1. What is u(r)?
9
Let h(c) be the first derivative of c**5/60 + c**4/4 - 167*c**3/3 - 17. Let x(s) be the third derivative of h(s). Give x(-5).
-4
Let b(t) be the first derivative of -39 + 0*t - 1/2*t**2 + t**3. Calculate b(-1).
4
Let x(o) = o**2 - 9*o + 8. Suppose 125*l - 134*l = -36. Determine x(l).
-12
Let h(w) be the third derivative of -1/6*w**3 + 0 - 55*w**2 + 0*w**4 + 0*w**5 + 1/24*w**6 + 0*w. What is h(-1)?
-6
Suppose 3 - 653 = -13*y. Suppose -38*w - y = -43*w. Let f(z) = z**3 - 11*z**2 + 11*z + 8. Give f(w).
18
Let t(n) = n**2 + 13*n + 15. Let v(b) = b**3 - 4*b**2 - 2*b + 5. Let l = 276 + -425. Let p = l + 152. Let u be v(p). Determine t(u).
-15
Suppose -15*f = -20*f - 30. Let l(b) be the first derivative of -b**4/4 - 8*b**3/3 - 4*b**2 - 6*b + 129. Determine l(f).
-30
Let g(d) = -8*d**3 - 16*d**2 + 9*d + 1. Let z(p) = 3*p**3 + p**2 - 3*p. Let j(c) = g(c) + 2*z(c). Determine j(-7).
-20
Let i be 2/8 + 33/12. Suppose z + 30 = 5*b, -i*z = -6*b + b + 30. Let j(l) = 10*l + 244. Let g(f) = -8*f - 204. Let u(n) = -6*g(n) - 5*j(n). Determine u(b).
-8
Suppose 5*w = 5*y + 10, -21*y - 6 = -22*y - w. Let n be (-138)/(-42) + (-2)/7. Let i(t) = -n + 1 + y*t + 3. Give i(-5).
-9
Let n(a) be the third derivative of 2*a**2 + 1/24*a**4 - 2*a**3 + 4 + 0*a. Calculate n(0).
-12
Let w(x) = x**3 + 6*x**2 + 7*x + 17. Suppose -113 + 167 = -9*a. Determine w(a).
-25
Let z(x) = 50 - 5*x - 40 - 35. Let g be z(-4). Let n(d) = 2*d + 6. Calculate n(g).
-4
Let l be (-4 - 0)*((-38)/8 + 4). Let c(v) = 0*v**3 - 194 + 3*v**2 + 197 + l*v + 3*v**3. What is c(-2)?
-15
Let r(f) be the third derivative of -f**5/6 + f**4/8 + f**3/6 + 639*f**2. Determine r(1).
-6
Let h be (-34)/10 - (-4)/10. Let j(w) be the third derivative of 1/60*w**5 + 65*w**2 + 0 + 2/3*w**3 + 1/8*w**4 + 2*w. Determine j(h).
4
Let f(x) = -11*x**2 - 32*x + 32. Let d(j) = 7*j**2 + 18*j - 16. Let n(p) = -5*d(p) - 3*f(p). Determine n(3).
-16
Let r be ((-206)/927)/(2/(-18)). Let i(a) be the third derivative of a**3 + 0 + 0*a + a**r - 7/24*a**4 + 1/60*a**5. What is i(7)?
6
Let q(p) be the first derivative of -